{"id":1030,"date":"2024-07-29T12:20:12","date_gmt":"2024-07-29T12:20:12","guid":{"rendered":"https:\/\/scitope.com\/ait24\/?page_id=1030"},"modified":"2024-10-17T06:37:22","modified_gmt":"2024-10-17T06:37:22","slug":"iinternational-scientific-and-innovation-conference-on-ai-transformation","status":"publish","type":"page","link":"https:\/\/scitope.com\/ait24\/?page_id=1030","title":{"rendered":"INTERNATIONAL SCIENTIFIC CONFERENCE ON AI TRANSFORMATION"},"content":{"rendered":"<p>[vc_row][vc_column][vc_column_text]<span style=\"font-size: 20px;\">The AI Transformation Scientific Conference is dedicated to exploring multidisciplinary approaches to AI. This conference aims to bring together researchers from various fields to discuss innovative AI theories, solutions and their transformative impact. Join us in advancing the frontiers of AI through collaborative and cross-disciplinary research.<\/span>[\/vc_column_text][\/vc_column][\/vc_row][vc_row][vc_column][vc_column_text]<\/p>\n<h2><strong>Plenary Lectures<\/strong><\/h2>\n<p>[\/vc_column_text][\/vc_column][\/vc_row][vc_row][vc_column width=&#8221;1\/3&#8243;][vc_single_image image=&#8221;943&#8243; img_size=&#8221;medium&#8221; alignment=&#8221;center&#8221; onclick=&#8221;custom_link&#8221; img_link_target=&#8221;_blank&#8221; link=&#8221;https:\/\/scitope.com\/ait24\/?page_id=722&#8243;][\/vc_column][vc_column width=&#8221;1\/3&#8243;][vc_single_image image=&#8221;1166&#8243; img_size=&#8221;medium&#8221; alignment=&#8221;center&#8221; onclick=&#8221;custom_link&#8221; img_link_target=&#8221;_blank&#8221; link=&#8221;https:\/\/scitope.com\/ait24\/?page_id=1139&#8243;][\/vc_column][vc_column width=&#8221;1\/3&#8243;][vc_single_image image=&#8221;1003&#8243; img_size=&#8221;medium&#8221; alignment=&#8221;center&#8221; onclick=&#8221;custom_link&#8221; img_link_target=&#8221;_blank&#8221; link=&#8221;https:\/\/scitope.com\/ait24\/?page_id=740&#8243;][\/vc_column][\/vc_row][vc_row][vc_column width=&#8221;1\/2&#8243;][vc_single_image image=&#8221;949&#8243; img_size=&#8221;medium&#8221; alignment=&#8221;center&#8221; onclick=&#8221;custom_link&#8221; img_link_target=&#8221;_blank&#8221; link=&#8221;https:\/\/scitope.com\/ait24\/?page_id=952&#8243;][\/vc_column][vc_column width=&#8221;1\/2&#8243;][vc_single_image image=&#8221;950&#8243; img_size=&#8221;medium&#8221; alignment=&#8221;center&#8221; onclick=&#8221;custom_link&#8221; img_link_target=&#8221;_blank&#8221; link=&#8221;https:\/\/scitope.com\/ait24\/?page_id=992&#8243;][\/vc_column][\/vc_row][vc_row][vc_column][vc_column_text]<\/p>\n<h2><strong>Keynote Speakers<\/strong><\/h2>\n<p>[\/vc_column_text][\/vc_column][\/vc_row][vc_row][vc_column width=&#8221;1\/3&#8243;][vc_single_image image=&#8221;967&#8243; img_size=&#8221;medium&#8221; alignment=&#8221;center&#8221; onclick=&#8221;custom_link&#8221; img_link_target=&#8221;_blank&#8221; link=&#8221;https:\/\/scitope.com\/ait24\/?page_id=874&#8243;][\/vc_column][vc_column width=&#8221;1\/3&#8243;][vc_single_image image=&#8221;1008&#8243; img_size=&#8221;medium&#8221; alignment=&#8221;center&#8221; onclick=&#8221;custom_link&#8221; img_link_target=&#8221;_blank&#8221; link=&#8221;https:\/\/scitope.com\/ait24\/?page_id=836&#8243;][\/vc_column][vc_column width=&#8221;1\/3&#8243;][vc_single_image image=&#8221;1009&#8243; img_size=&#8221;medium&#8221; alignment=&#8221;center&#8221; onclick=&#8221;custom_link&#8221; img_link_target=&#8221;_blank&#8221; link=&#8221;https:\/\/scitope.com\/ait24\/?page_id=890&#8243;][\/vc_column][\/vc_row][vc_row][vc_column width=&#8221;1\/2&#8243;][vc_single_image image=&#8221;999&#8243; img_size=&#8221;medium&#8221; alignment=&#8221;center&#8221; onclick=&#8221;custom_link&#8221; img_link_target=&#8221;_blank&#8221; link=&#8221;https:\/\/scitope.com\/ait24\/?page_id=732&#8243;][\/vc_column][vc_column width=&#8221;1\/2&#8243;][vc_single_image image=&#8221;970&#8243; img_size=&#8221;medium&#8221; alignment=&#8221;center&#8221; onclick=&#8221;custom_link&#8221; img_link_target=&#8221;_blank&#8221; link=&#8221;https:\/\/scitope.com\/ait24\/?page_id=849&#8243;][\/vc_column][\/vc_row][vc_row][vc_column][vc_column_text]<\/p>\n<h2><strong>Honorary Chair<\/strong><\/h2>\n<p>[\/vc_column_text][\/vc_column][\/vc_row][vc_row][vc_column][vc_column_text]<span style=\"font-size: 20px;\">Prof. Yurii Nesterov, <em>CIAS at the Corvinus University of Budapest and CORE, UCLouvain<br \/>\n<\/em><br \/>\n<\/span>[\/vc_column_text][\/vc_column][\/vc_row][vc_row][vc_column][vc_column_text]<\/p>\n<h2><strong>General Chairs<\/strong><\/h2>\n<p>[\/vc_column_text][\/vc_column][\/vc_row][vc_row][vc_column][vc_column_text]<span style=\"font-size: 20px;\">Prof. P\u00e9ter Baranyi,\u00a0<em>CIAS and DAIS at the\u00a0<\/em><em>Corvinus University of Budapest<br \/>\n<\/em>Prof. Yeung Yam, T<em>he Chinese University of Hong Kong Shenzhen Research Institute<\/em>[\/vc_column_text][\/vc_column][\/vc_row][vc_row][vc_column][vc_column_text]<\/span><\/p>\n<h2><strong>Co-Chair<\/strong><\/h2>\n<p>[\/vc_column_text][\/vc_column][\/vc_row][vc_row][vc_column][vc_column_text]<span style=\"font-size: 20px;\">Prof. Viktor D\u00f6rfler<em>, University of Strathclyde Business School and the CIAS at the Corvinus University of Budapest<\/em><\/span>[\/vc_column_text][\/vc_column][\/vc_row][vc_row][vc_column][vc_column_text]<\/p>\n<h2><strong>Scientific Coordinator<\/strong><\/h2>\n<p>[\/vc_column_text][\/vc_column][\/vc_row][vc_row][vc_column][vc_column_text]<span style=\"font-size: 20px;\">Prof. Andrea K\u0151, <em>DAIS at the <\/em><em>Corvinus University of Budapest<br \/>\n<\/em><\/span>[\/vc_column_text][\/vc_column][\/vc_row][vc_row][vc_column][vc_column_text]<\/p>\n<h2><strong>Advisory Board<\/strong><\/h2>\n<p>[\/vc_column_text][\/vc_column][\/vc_row][vc_row][vc_column][vc_column_text]<span style=\"font-size: 20px;\">Dr. P\u00e1l Varga, <em>Budapest University of Technology and Economics<br \/>\n<\/em><\/span><span style=\"font-size: 20px;\">Dr. \u00c1d\u00e1m Csap\u00f3, <em>CIAS and DAIS at the Corvinus University of Budapest<\/em><\/span><span style=\"font-size: 20px;\"><em><br \/>\n<\/em><\/span><span style=\"font-size: 20px;\">Dr. Scott Romaniuk, <em>CIAS at the Corvinus University of Budapest<br \/>\n<\/em><\/span><span style=\"font-size: 20px;\">Prof. L\u00e1szl\u00f3 Csicsmann, <em>CIAS at the Corvinus University of Budapest<br \/>\n<\/em><\/span><span style=\"font-size: 20px;\">Dr. P\u00e9ter Ekler, <em>Budapest University of Technology and Economics<br \/>\n<\/em><\/span><span style=\"font-size: 20px;\">Dr. Bertalan Forstner, <em>Budapest University of Technology and Economics<br \/>\n<\/em><\/span><span style=\"font-size: 20px;\">Dr. Krist\u00f3f Csorba, <em>Budapest University of Technology and Economics<br \/>\n<\/em><\/span><span style=\"font-size: 20px;\">Dr. K\u00e1roly Neh\u00e9z, <em>University of Miskolc<br \/>\n<\/em><\/span><span style=\"font-size: 20px;\">Dr. Oliv\u00e9r Horny\u00e1k<em>, University of Miskolc<br \/>\n<\/em><\/span><span style=\"font-size: 20px;\">Dr. L\u00e1szl\u00f3 Kopp\u00e1ny Cs\u00e1ji, <em>Research Institute of Art Theory and Methodology<\/em><br \/>\nDr. Anna M\u00e1ria B\u00f3lya,<em> Research Institute of Art Theory and Methodology<br \/>\n<\/em><\/span><span style=\"font-size: 20px;\">Prof. L\u00e1szl\u00f3 Kov\u00e1cs,<em> Ludovika University of Public Service<br \/>\n<\/em><\/span><span style=\"font-size: 20px;\">Prof. Andr\u00e1s Hajd\u00fa,<em> University of Debrecen<br \/>\n<\/em><\/span><span style=\"font-size: 20px;\">Dr. Bal\u00e1zs Harangi,<em> University of Debrecen<br \/>\n<\/em><\/span><span style=\"font-size: 20px;\">Dr. B\u00e1lint Gyires-T\u00f3th,<em> Budapest University of Technology and Economics<br \/>\n<\/em><\/span><span style=\"font-size: 20px;\">Dr. Ferenc Kiss,<em> R&amp;D director, Foundation for Information Society<\/em><\/span>[\/vc_column_text][\/vc_column][\/vc_row][vc_row][vc_column][vc_column_text]<\/p>\n<h2><strong>Organizing Committee<\/strong><\/h2>\n<p>[\/vc_column_text][\/vc_column][\/vc_row][vc_row][vc_column][vc_column_text]<span style=\"font-size: 20px;\">Dr. Anna Sud\u00e1r, <em>CIAS and DAIS at the Corvinus University of Budapest<br \/>\n<\/em><\/span><span style=\"font-size: 20px;\">Dr. Ildik\u00f3 Horv\u00e1th, <em>CIAS and DAIS at the Corvinus University of Budapest<\/em><\/span><span style=\"font-size: 20px;\"><em><br \/>\n<\/em><\/span><span style=\"font-size: 20px;\">Dr. Borb\u00e1la Berki, <em>CIAS and DAIS at the Corvinus University of Budapest<\/em><\/span><span style=\"font-size: 20px;\"><em><br \/>\n<\/em><\/span>[\/vc_column_text][\/vc_column][\/vc_row]<\/p>\n","protected":false},"excerpt":{"rendered":"<p>[vc_row][vc_column][vc_column_text]The AI Transformation Scientific Conference is dedicated to exploring multidisciplinary approaches to AI. This conference aims to bring together researchers from various fields to discuss innovative AI theories, solutions and their transformative impact. Join us in advancing the frontiers of AI through collaborative and cross-disciplinary research.[\/vc_column_text][\/vc_column][\/vc_row][vc_row][vc_column][vc_column_text] Plenary Lectures [\/vc_column_text][\/vc_column][\/vc_row][vc_row][vc_column width=&#8221;1\/3&#8243;][vc_single_image image=&#8221;943&#8243; img_size=&#8221;medium&#8221; alignment=&#8221;center&#8221; onclick=&#8221;custom_link&#8221; img_link_target=&#8221;_blank&#8221; [&hellip;]<\/p>\n","protected":false},"author":2,"featured_media":0,"parent":0,"menu_order":0,"comment_status":"closed","ping_status":"closed","template":"","meta":{"_exactmetrics_skip_tracking":false,"_exactmetrics_sitenote_active":false,"_exactmetrics_sitenote_note":"","_exactmetrics_sitenote_category":0,"footnotes":""},"class_list":["post-1030","page","type-page","status-publish","hentry"],"_links":{"self":[{"href":"https:\/\/scitope.com\/ait24\/index.php?rest_route=\/wp\/v2\/pages\/1030","targetHints":{"allow":["GET"]}}],"collection":[{"href":"https:\/\/scitope.com\/ait24\/index.php?rest_route=\/wp\/v2\/pages"}],"about":[{"href":"https:\/\/scitope.com\/ait24\/index.php?rest_route=\/wp\/v2\/types\/page"}],"author":[{"embeddable":true,"href":"https:\/\/scitope.com\/ait24\/index.php?rest_route=\/wp\/v2\/users\/2"}],"replies":[{"embeddable":true,"href":"https:\/\/scitope.com\/ait24\/index.php?rest_route=%2Fwp%2Fv2%2Fcomments&post=1030"}],"version-history":[{"count":30,"href":"https:\/\/scitope.com\/ait24\/index.php?rest_route=\/wp\/v2\/pages\/1030\/revisions"}],"predecessor-version":[{"id":1253,"href":"https:\/\/scitope.com\/ait24\/index.php?rest_route=\/wp\/v2\/pages\/1030\/revisions\/1253"}],"wp:attachment":[{"href":"https:\/\/scitope.com\/ait24\/index.php?rest_route=%2Fwp%2Fv2%2Fmedia&parent=1030"}],"curies":[{"name":"wp","href":"https:\/\/api.w.org\/{rel}","templated":true}]}}