{"id":30,"date":"2020-01-02T13:41:56","date_gmt":"2020-01-02T13:41:56","guid":{"rendered":"https:\/\/scitope.com\/coginfocom20\/?page_id=30"},"modified":"2021-10-11T18:40:15","modified_gmt":"2021-10-11T18:40:15","slug":"tracks-sessions","status":"publish","type":"page","link":"https:\/\/scitope.com\/benip22\/?page_id=30","title":{"rendered":"Tracks &#038; Sessions"},"content":{"rendered":"<p>[vc_row][vc_column][vc_btn title=&#8221;Please click here to suggest a Track or Session&#8221; style=&#8221;3d&#8221; color=&#8221;turquoise&#8221; size=&#8221;lg&#8221; align=&#8221;center&#8221; link=&#8221;url:https%3A%2F%2Fforms.gle%2FhjQpTU3fG7npaWn19|||&#8221;][\/vc_column][\/vc_row][vc_row][vc_column][vc_column_text]<\/p>\n<h5>Session 1: Structural engineering and construction<\/h5>\n<p>Session Organizer: Movahedi Rad Majid (Sz\u00e9chenyi Istv\u00e1n University, Hungary)<\/p>\n<h5>Session 2: Geotechnics<\/h5>\n<p>Session Organizer: Edina Koch (Sz\u00e9chenyi Istv\u00e1n University, Hungary)<\/p>\n<h5>Session 3: Human factor in road operations<\/h5>\n<p>Session Organizer: Attila Borsos (Sz\u00e9chenyi Istv\u00e1n University, Hungary)<\/p>\n<h5>Session 4: Information management in road design<\/h5>\n<p>Session Organizer: Emese Mako (Sz\u00e9chenyi Istv\u00e1n University, Hungary)<\/p>\n<h5>Session 5: Data analysis in railway construction<\/h5>\n<p>Session Organizer: Szabolcs Fischer (Sz\u00e9chenyi Istv\u00e1n University, Hungary)<\/p>\n<h5>Session 6: Data processing and its application in water resources<\/h5>\n<p>Session Organizer: Katalin Bene (Sz\u00e9chenyi Istv\u00e1n University, Hungary)<\/p>\n<h5>Session 7: BENIP in transport system planning<\/h5>\n<p>Session Organizer: Bal\u00e1zs Horv\u00e1th (Sz\u00e9chenyi Istv\u00e1n University, Hungary)<\/p>\n<h5>Session 8: Role of information in architecture<\/h5>\n<p>Session Organizer: P\u00e9ter Bach (Sz\u00e9chenyi Istv\u00e1n University, Hungary)<\/p>\n<h5>Session 9: Sustainable building Construction and building materials<\/h5>\n<p>Session Organizer: D\u00e1vid Bozsaky (Sz\u00e9chenyi Istv\u00e1n University, Hungary)[\/vc_column_text][\/vc_column][\/vc_row]<\/p>\n","protected":false},"excerpt":{"rendered":"<p>[vc_row][vc_column][vc_btn title=&#8221;Please click here to suggest a Track or Session&#8221; style=&#8221;3d&#8221; color=&#8221;turquoise&#8221; size=&#8221;lg&#8221; align=&#8221;center&#8221; link=&#8221;url:https%3A%2F%2Fforms.gle%2FhjQpTU3fG7npaWn19|||&#8221;][\/vc_column][\/vc_row][vc_row][vc_column][vc_column_text] Session 1: Structural engineering and construction Session Organizer: Movahedi Rad Majid (Sz\u00e9chenyi Istv\u00e1n University, Hungary) Session 2: Geotechnics Session Organizer: Edina Koch (Sz\u00e9chenyi Istv\u00e1n University, Hungary) Session 3: Human factor in road operations Session Organizer: Attila Borsos (Sz\u00e9chenyi Istv\u00e1n University, [&hellip;]<\/p>\n","protected":false},"author":1,"featured_media":0,"parent":0,"menu_order":0,"comment_status":"closed","ping_status":"closed","template":"","meta":{"footnotes":""},"class_list":["post-30","page","type-page","status-publish","hentry"],"_links":{"self":[{"href":"https:\/\/scitope.com\/benip22\/index.php?rest_route=\/wp\/v2\/pages\/30","targetHints":{"allow":["GET"]}}],"collection":[{"href":"https:\/\/scitope.com\/benip22\/index.php?rest_route=\/wp\/v2\/pages"}],"about":[{"href":"https:\/\/scitope.com\/benip22\/index.php?rest_route=\/wp\/v2\/types\/page"}],"author":[{"embeddable":true,"href":"https:\/\/scitope.com\/benip22\/index.php?rest_route=\/wp\/v2\/users\/1"}],"replies":[{"embeddable":true,"href":"https:\/\/scitope.com\/benip22\/index.php?rest_route=%2Fwp%2Fv2%2Fcomments&post=30"}],"version-history":[{"count":56,"href":"https:\/\/scitope.com\/benip22\/index.php?rest_route=\/wp\/v2\/pages\/30\/revisions"}],"predecessor-version":[{"id":488,"href":"https:\/\/scitope.com\/benip22\/index.php?rest_route=\/wp\/v2\/pages\/30\/revisions\/488"}],"wp:attachment":[{"href":"https:\/\/scitope.com\/benip22\/index.php?rest_route=%2Fwp%2Fv2%2Fmedia&parent=30"}],"curies":[{"name":"wp","href":"https:\/\/api.w.org\/{rel}","templated":true}]}}