{"id":14,"date":"2020-01-02T13:38:50","date_gmt":"2020-01-02T13:38:50","guid":{"rendered":"https:\/\/scitope.com\/coginfocom20\/?page_id=14"},"modified":"2020-09-17T21:15:07","modified_gmt":"2020-09-17T21:15:07","slug":"home","status":"publish","type":"page","link":"https:\/\/scitope.com\/coginfocom20\/","title":{"rendered":"HOME"},"content":{"rendered":"<p>[vc_row][vc_column][vc_column_text]<\/p>\n<div class=\"container\">\n<h1 class=\"site-description\" style=\"text-align: center;\"><strong>11th IEEE International Conference on Cognitive InfoCommunications<\/strong><\/h1>\n<h2 style=\"text-align: center;\">23-24-25 September 2020, Online on <a href=\"https:\/\/www.maxwhere.com\/\">MaxWhere 3D Web<\/a> ( MW:CogInfoCom)<\/h2>\n<\/div>\n<h3 style=\"text-align: center;\"><\/h3>\n<p>[\/vc_column_text][\/vc_column][\/vc_row][vc_row][vc_column][vc_column_text]<\/p>\n<div class=\"container\">\n<h3 style=\"text-align: center;\">SPECIAL JOURNAL ISSUES\u00a0 WILL BE PUBLISHED BASED ON THE EXTENDED VERSIONS OF SELECTED PAPERS<strong><br \/>\n<\/strong><\/h3>\n<\/div>\n<h4 style=\"text-align: center;\"><\/h4>\n<h4 style=\"text-align: center;\">Special Issue &#8222;Applications of Cognitive Infocommunications (CogInfoCom)&#8221; <strong><a href=\"https:\/\/www.mdpi.com\/journal\/applsci\/special_issues\/CogInfoCom\">Click here for Call for Papers<\/a><\/strong><\/h4>\n<div class=\"container\">\n<h4 style=\"text-align: center;\">Special issue on Virtual Reality and Cognitive Sciences (VIRC) <a href=\"https:\/\/www.springer.com\/journal\/10055\/updates\/17608142\">Click here for Call for Papers<\/a><\/h4>\n<h4 style=\"text-align: center;\">Linguistic and Behavioral Interaction Analysis Special Issue in Acta Polytechnica Hungarica.\u00a0\u00a0<a href=\"https:\/\/drive.google.com\/file\/d\/1z_oYlVcV13ufAq0TBWehfiNuwBqmeQKs\/view?usp=sharing\">Click here for Call for Papers<\/a><\/h4>\n<h4 style=\"text-align: center;\">Cognitive Infocommunications Research Topic in Frontiers.\u00a0 <a href=\"https:\/\/www.frontiersin.org\/research-topics\/15656\/cognitive-info-communications\">Click here for Call for Papers<\/a><\/h4>\n<\/div>\n<p>[\/vc_column_text][vc_toggle title=&#8221;More&#8221; style=&#8221;round&#8221; color=&#8221;black&#8221;]<\/p>\n<p style=\"font-weight: 400;\">IF: 2.217<\/p>\n<p style=\"font-weight: 400;\">Indexed:<\/p>\n<ul style=\"font-weight: 400;\">\n<li>Web of Science (Clarivate Analytics<\/li>\n<li>Scopus (Elsevier)<\/li>\n<li>AGORA (FAO)<\/li>\n<li>Chemical Abstracts (ACS)<\/li>\n<li>Current Contents &#8211; Engineering, Computing &amp; Technology (Clarivate Analytics)<\/li>\n<li>Current Contents &#8211; Physical, Chemical &amp; Earth Sciences (Clarivate Analytics)<\/li>\n<li>DOAJ &#8211; Directory of Open Access Journals<\/li>\n<li>Genamics JournalSeek<\/li>\n<li>Inspec (IET)<\/li>\n<li>Journal Citation Reports \/ Science Edition (Clarivate Analytics)<\/li>\n<li>Julkaisufoorumi Publication Forum (Federation of Finnish Learned Societies)<\/li>\n<li>Norwegian Register for Scientific Journals, Series and Publishers (NSD)<\/li>\n<li>OARE (UN)<\/li>\n<li>Polymer Library (Smithers Rapra)<\/li>\n<li>Science Citation Index Expanded &#8211; Web of Science (Clarivate Analytics)<\/li>\n<\/ul>\n<p>[\/vc_toggle][\/vc_column][\/vc_row][vc_row][vc_column][vc_column_text]<\/p>\n<div class=\"container\">\n<h3 style=\"text-align: left;\"><span style=\"font-size: 30px;\">Scope<\/span><\/h3>\n<\/div>\n<div class=\"container\">\n<p>Cognitive infocommunications (CogInfoCom,\u00a0<a href=\"http:\/\/coginfocom.hu\/\" target=\"_blank\" rel=\"noopener noreferrer\" data-saferedirecturl=\"https:\/\/www.google.com\/url?hl=hu&amp;q=http:\/\/CogInfoCom.hu&amp;source=gmail&amp;ust=1517248206394000&amp;usg=AFQjCNEJLa6cTtx3sNT6RGpJ6ZbZQWWNTg\">CogInfoCom.hu<\/a>) investigates the link between the research areas of infocommunications and cognitive sciences, as well as the various engineering applications which have emerged as the synergic combination of these sciences. The primary goal of CogInfoCom is to provide a systematic view of how cognitive processes can co-evolve with infocommunications devices so that the capabilities of the human brain may not only be extended through these devices, irrespective of geographical distance but may also be blended with the capabilities of any artificially cognitive system. This merging and extension of cognitive capabilities are targeted towards engineering applications in which artificial and\/or natural cognitive systems are enabled to work together more effectively.\u00a0For the collection of CogInfoCom papers please\u00a0<a href=\"http:\/\/scitope.com\/coginfocom19\/?page_id=16\" target=\"_blank\" rel=\"noopener noreferrer\">click here.<\/a><\/p>\n<\/div>\n<p>[\/vc_column_text][\/vc_column][\/vc_row][vc_row][vc_column][vc_column_text]<\/p>\n<h2>Topics<\/h2>\n<p>The conference is open to topic proposals. Send your proposal to: <a href=\"mailto:coginfocom2020@scitope.com\" target=\"_blank\" rel=\"noopener noreferrer\">coginfocom2020@coginfocom.hu<\/a>[\/vc_column_text][\/vc_column][\/vc_row][vc_row][vc_column width=&#8221;1\/2&#8243;][vc_column_text]<\/p>\n<p style=\"font-weight: 400;\"><strong>Artificial cognitive capabilities<\/strong><strong>\u00a0<\/strong><strong>\u00a0<\/strong><\/p>\n<p style=\"font-weight: 400;\"><strong>Artificial Intelligence<\/strong><strong>\u00a0<\/strong><\/p>\n<p><strong>Machine and deep learning<\/strong><\/p>\n<p style=\"font-weight: 400;\"><strong>Human-AI, HCI,HMI,HRI,\u00a0<\/strong><strong>Human cognitive interfaces<\/strong><strong>\u00a0<\/strong><\/p>\n<p style=\"font-weight: 400;\"><strong>Industry 4.0<\/strong><strong>\u00a0<\/strong><\/p>\n<p style=\"font-weight: 400;\"><strong>Human in\u00a0<\/strong><strong>Virtual and Augmented Reality<\/strong><strong>\u00a0<\/strong><\/p>\n<p style=\"font-weight: 400;\"><strong>Future Internet<\/strong><\/p>\n<p style=\"font-weight: 400;\"><strong>Cognitive sciences in the digital world<\/strong><\/p>\n<p style=\"font-weight: 400;\"><strong>Embodied and enactive cognitive systems<\/strong>\u00a0<strong>\u00a0<\/strong><\/p>\n<p style=\"font-weight: 400;\"><strong>Cognitive networks<\/strong><strong>\u00a0and their intelligent capabilities<\/strong><\/p>\n<p style=\"font-weight: 400;\"><strong>Virtual and real avatars<\/strong><\/p>\n<p style=\"font-weight: 400;\"><strong>Face and gesture recognition<\/strong><strong>\u00a0<\/strong><\/p>\n<p style=\"font-weight: 400;\"><strong>Human-Computer and Bio-Interfaces<\/strong><strong>\u00a0<\/strong><\/p>\n<p>[\/vc_column_text][\/vc_column][vc_column width=&#8221;1\/2&#8243;][vc_column_text]<\/p>\n<p style=\"font-weight: 400;\"><strong>Intelligent Vehicle and Transportation Systems<\/strong>\u00a0<strong>\u00a0<\/strong><\/p>\n<p style=\"font-weight: 400;\"><strong>Smart city<\/strong><\/p>\n<p style=\"font-weight: 400;\"><strong>Digital Education, Digital transformation environment for education, CogInfoCom based learnability<\/strong><\/p>\n<p style=\"font-weight: 400;\"><strong>Intelligent Vehicle and Transportation Systems<\/strong><\/p>\n<p style=\"font-weight: 400;\"><strong>Advanced driver assistance systems<\/strong><\/p>\n<p style=\"font-weight: 400;\"><strong>Cognitive Data Visualization<\/strong><strong>\u00a0<\/strong><\/p>\n<p style=\"font-weight: 400;\"><strong>Mathability<\/strong><\/p>\n<p style=\"font-weight: 400;\"><strong>Ergonomics-based aspects of CogInfoCom<\/strong><\/p>\n<p style=\"font-weight: 400;\"><strong>Socio-cognitive ICT<\/strong><\/p>\n<p style=\"font-weight: 400;\"><strong>Ergonomics-based aspects of CogInfoCom<\/strong><\/p>\n<p><strong>Affective Computing<\/strong>[\/vc_column_text][\/vc_column][\/vc_row][vc_row][vc_column][vc_column_text]<\/p>\n<h2><span style=\"color: #800000;\">Committees<\/span><\/h2>\n<p>[\/vc_column_text][\/vc_column][\/vc_row][vc_row][vc_column][vc_column_text]<strong>Chairs<\/strong><br \/>\nP\u00e9ter Baranyi,\u00a0<i><small>Sz\u00e9chenyi Istv\u00e1n University, Hungary<br \/>\n<\/small><\/i>Anna Esposito,\u00a0<i><small>Universit\u00e0 degli Studi della Campania \u201cLuigi Vanvitelli\u201d, Italy<br \/>\n<\/small><\/i>Mika Luimula<strong>,\u00a0<\/strong><em><i><small>Turku University of Applied Sciences,Finland<br \/>\n<\/small><\/i><\/em>Lars Oestreicher, <em><i><small>Uppsala University, Sweden<\/small><\/i><\/em><\/p>\n<p><strong>Honorary Chairs<\/strong><br \/>\nVilmos Cs\u00e1nyi,<i><small><em> MTA, Hungary<\/em><\/small><\/i><br \/>\nVal\u00e9ria Cs\u00e9pe, <i><small><em>MTA, Hungary<\/em><\/small><\/i><em><br \/>\n<\/em>J\u00f3zsef\u00a0Bokor, <i><small><em>MTA, Hungary\u00a0<\/em><\/small><\/i><br \/>\nHelen Meng,\u00a0<i><small><em>Chinese University of Hong Kong, China<br \/>\n<\/em><\/small><\/i>Junzo Watada, <i><small><em>Petronas University of Technology, Malaysia<br \/>\n<\/em><\/small><\/i>Carl\u00a0Vogel<strong>,\u00a0<\/strong><i><small><em>Trinity College Dublin, Ireland<br \/>\n<\/em><\/small><\/i>Nelson Mauro Maldonato, <i><small><em>Universit\u00e0 di Napoli Federico II, Italy\u00a0<\/em><\/small><\/i><\/p>\n<p><strong>International Scientific Board<br \/>\n<\/strong>Attila Gil\u00e1nyi, <i><small><em>University of Debrecen, Hungary\u00a0<\/em><\/small><\/i><strong><br \/>\n<\/strong>Gy\u00f6rgy Szasz\u00e1k,<em>\u00a0<i><small>Budapest University of Technology and Economics, Hungary<br \/>\n<\/small><\/i><\/em>Yeung Yam,\u00a0<i><small><em>Chinese University of Hong Kong, China\u00a0<\/em><\/small><\/i><br \/>\nMiroslav Macik, <i><small>Czech Technical University in Prague, Czech Republic<\/small><\/i><i><small><br \/>\n<\/small><\/i>Maria Koutsombogera,\u00a0<i><small>Trinity College, Dublin<\/small><\/i><br \/>\nKatarzyna Chmielewska, <i><small>Kazimierz Wielki Universit<\/small><\/i><i><small>, Poland<br \/>\n<\/small><\/i><i><small><\/small><\/i>Gy\u00f6rgy Moln\u00e1r<em>,\u00a0<i><small>Budapest Univesity of Technology and Economics, Hungary<\/small><\/i><\/em><\/p>\n<p><strong>International Organizing Committee<br \/>\n<\/strong>L\u00e1szl\u00f3 Imre K\u00f3ml\u00f3si<strong>, <\/strong><i><small><em>Sz\u00e9chenyi Istv\u00e1n University, Hungary<br \/>\n<\/em><\/small><\/i>Zolt\u00e1n Baracskai<strong>, <\/strong><i><small><em>Sz\u00e9chenyi Istv\u00e1n University, Hungary<br \/>\n<\/em><\/small><\/i>Mika Luimula<strong>,\u00a0<\/strong><em><i><small>Turku University of Applied Sciences,Finland<br \/>\n<\/small><\/i><\/em>Lars Oestreicher, <em><i><small>Uppsala University, Sweden<br \/>\n<\/small><\/i><\/em>Fahmi Bellalouna, <em><i><small>Karlsruhe University of Applied Sciences, Germany<br \/>\n<\/small><\/i><\/em>Attila K\u0151v\u00e1ri<em>,\u00a0<i><small>University of Duna\u00fajv\u00e1ros, Hungary<\/small><\/i><\/em><\/p>\n<p><strong>Technical Program Committee Chair<br \/>\n<\/strong>\u00c1d\u00e1m Csap\u00f3<strong>, <\/strong><i><small><em>Sz\u00e9chenyi Istv\u00e1n University, Hungary\u00a0<\/em><\/small><\/i><\/p>\n<p><strong>Technical Program Committee<br \/>\n<\/strong><\/p>\n<p><strong>Publication Chair<\/strong><br \/>\nJan Nikodem<strong>,<\/strong><em>\u00a0<i><small>Wroclaw University of Science and Technology, Poland<\/small><\/i><\/em><br \/>\nRyszard Klempous,\u00a0<i><small>Wroclaw University of Science and Technology, Poland<\/small><\/i><\/p>\n<p><strong>Industrial Relations Chair<\/strong><br \/>\nP\u00e9ter Galambos,\u00a0<i><small>\u00d3buda University, Hungary<\/small><\/i>[\/vc_column_text][\/vc_column][\/vc_row][vc_row][vc_column][vc_column_text]<\/p>\n<h2><span style=\"color: #800000;\">Organizers<\/span><\/h2>\n<p>[\/vc_column_text][\/vc_column][\/vc_row][vc_row][vc_column width=&#8221;1\/3&#8243;][vc_column_text][\/vc_column_text][\/vc_column][vc_column width=&#8221;1\/3&#8243;][vc_single_image image=&#8221;145&#8243; img_size=&#8221;medium&#8221; alignment=&#8221;center&#8221; style=&#8221;vc_box_rounded&#8221;][vc_column_text]<\/p>\n<h3 style=\"text-align: center;\">Sz\u00e9chenyi Istv\u00e1n University<\/h3>\n<p>[\/vc_column_text][\/vc_column][vc_column width=&#8221;1\/3&#8243;][\/vc_column][\/vc_row][vc_row][vc_column width=&#8221;1\/3&#8243;][vc_column_text]<\/p>\n<h4 style=\"text-align: center;\">VR Learning Center<\/h4>\n<p>[\/vc_column_text][\/vc_column][vc_column width=&#8221;1\/3&#8243;][vc_column_text]<\/p>\n<h4 style=\"text-align: center;\">Multidisciplinary Ph.D. School of Engineering<\/h4>\n<p>[\/vc_column_text][\/vc_column][vc_column width=&#8221;1\/3&#8243;][vc_column_text]<\/p>\n<h4 style=\"text-align: center;\">Doctoral School of Regional- and Business Administration Sciences<\/h4>\n<p>[\/vc_column_text][\/vc_column][\/vc_row][vc_row][vc_column][vc_single_image image=&#8221;142&#8243; img_size=&#8221;medium&#8221; alignment=&#8221;center&#8221; style=&#8221;vc_box_rounded&#8221;][vc_column_text]<\/p>\n<h4 style=\"text-align: center;\">Budapest Univesity of Technology and Economics Department of Telecommunications and Media Informatics<\/h4>\n<p>[\/vc_column_text][\/vc_column][\/vc_row][vc_row][vc_column][vc_single_image image=&#8221;191&#8243; img_size=&#8221;medium&#8221; alignment=&#8221;center&#8221; style=&#8221;vc_box_rounded&#8221;][vc_column_text]<\/p>\n<h4 style=\"text-align: center;\">Turku University of Applied Sciences<\/h4>\n<p>[\/vc_column_text][vc_single_image image=&#8221;192&#8243; img_size=&#8221;medium&#8221; alignment=&#8221;center&#8221; style=&#8221;vc_box_rounded&#8221;][vc_column_text]<\/p>\n<h4 style=\"text-align: center;\">Uppsala University<\/h4>\n<p>[\/vc_column_text][\/vc_column][\/vc_row][vc_row][vc_column][vc_separator color=&#8221;black&#8221; style=&#8221;shadow&#8221;][\/vc_column][\/vc_row][vc_row][vc_column][vc_column_text]<\/p>\n<h2 style=\"text-align: center;\"><strong>SPONSORS<\/strong><\/h2>\n<p>[\/vc_column_text][vc_single_image image=&#8221;184&#8243; img_size=&#8221;medium&#8221; alignment=&#8221;center&#8221; style=&#8221;vc_box_rounded&#8221;][vc_column_text]<\/p>\n<h4 style=\"text-align: center;\">IEEE Finland Section<\/h4>\n<p>[\/vc_column_text][vc_column_text]<\/p>\n<h4 style=\"text-align: center;\">IEEE Hungary Section<\/h4>\n<p>[\/vc_column_text][\/vc_column][\/vc_row][vc_row][vc_column width=&#8221;1\/3&#8243;][vc_column_text]<\/p>\n<h4 style=\"text-align: center;\">IEEE Systems, Man and Cybernetics\u00a0 Chapter, Hungary<\/h4>\n<p>[\/vc_column_text][\/vc_column][vc_column width=&#8221;1\/3&#8243;][vc_column_text]<\/p>\n<h4 style=\"text-align: center;\">IEEE Computational Intelligence Chapter, Hungary<\/h4>\n<p>[\/vc_column_text][\/vc_column][vc_column width=&#8221;1\/3&#8243;][vc_column_text]<\/p>\n<div class=\"vc_row wpb_row vc_row-fluid\">\n<div class=\"wpb_column vc_column_container vc_col-sm-4\">\n<div class=\"vc_column-inner \">\n<div class=\"wpb_wrapper\">\n<div class=\"wpb_text_column wpb_content_element \">\n<div class=\"wpb_wrapper\">\n<h4 style=\"text-align: center;\">IEEE IES and RAS Chapters, Hungary<\/h4>\n<\/div>\n<\/div>\n<\/div>\n<\/div>\n<\/div>\n<\/div>\n<div class=\"vc_row wpb_row vc_row-fluid\">\n<div class=\"wpb_column vc_column_container vc_col-sm-12\">\n<div class=\"vc_column-inner \">\n<div class=\"wpb_wrapper\">\n<div class=\"wpb_text_column wpb_content_element \">\n<div class=\"wpb_wrapper\"><\/div>\n<\/div>\n<\/div>\n<\/div>\n<\/div>\n<\/div>\n<p>[\/vc_column_text][\/vc_column][\/vc_row][vc_row][vc_column][vc_separator color=&#8221;black&#8221; style=&#8221;shadow&#8221;][\/vc_column][\/vc_row][vc_row][vc_column][vc_column_text]<\/p>\n<h2 style=\"text-align: center;\"><strong>In scientific co-operation with<\/strong><\/h2>\n<h4 class=\"justify\" style=\"text-align: center;\">FIEK program (Center for cooperation between higher education and the industries at the Sz\u00e9chenyi Istv\u00e1n University, GINOP-2.3.4-15-2016-00003)<\/h4>\n<p>[\/vc_column_text][\/vc_column][\/vc_row][vc_row][vc_column][vc_column_text]<\/p>\n<h2 style=\"text-align: center;\"><span style=\"color: #800000;\"><strong>Industrial Innovation co-sponsor<\/strong><\/span><\/h2>\n<p>[\/vc_column_text][\/vc_column][\/vc_row][vc_row][vc_column width=&#8221;1\/2&#8243;][vc_column_text]<\/p>\n<h4 class=\"center\" style=\"text-align: center;\">MISTEMS Innovation and Services Ltd.<\/h4>\n<p>[\/vc_column_text][\/vc_column][vc_column width=&#8221;1\/2&#8243;][vc_single_image image=&#8221;146&#8243; img_size=&#8221;medium&#8221; alignment=&#8221;center&#8221; style=&#8221;vc_box_rounded&#8221;][\/vc_column][\/vc_row]<\/p>\n","protected":false},"excerpt":{"rendered":"<p>[vc_row][vc_column][vc_column_text] 11th IEEE International Conference on Cognitive InfoCommunications 23-24-25 September 2020, Online on MaxWhere 3D Web ( MW:CogInfoCom) [\/vc_column_text][\/vc_column][\/vc_row][vc_row][vc_column][vc_column_text] SPECIAL JOURNAL ISSUES\u00a0 WILL BE PUBLISHED BASED ON THE EXTENDED VERSIONS OF SELECTED PAPERS Special Issue &#8222;Applications of Cognitive Infocommunications (CogInfoCom)&#8221; Click here for Call for Papers Special issue on Virtual Reality and Cognitive Sciences (VIRC) [&hellip;]<\/p>\n","protected":false},"author":1,"featured_media":0,"parent":0,"menu_order":0,"comment_status":"closed","ping_status":"closed","template":"","meta":{"_exactmetrics_skip_tracking":false,"_exactmetrics_sitenote_active":false,"_exactmetrics_sitenote_note":"","_exactmetrics_sitenote_category":0,"footnotes":""},"class_list":["post-14","page","type-page","status-publish","hentry"],"_links":{"self":[{"href":"https:\/\/scitope.com\/coginfocom20\/index.php?rest_route=\/wp\/v2\/pages\/14","targetHints":{"allow":["GET"]}}],"collection":[{"href":"https:\/\/scitope.com\/coginfocom20\/index.php?rest_route=\/wp\/v2\/pages"}],"about":[{"href":"https:\/\/scitope.com\/coginfocom20\/index.php?rest_route=\/wp\/v2\/types\/page"}],"author":[{"embeddable":true,"href":"https:\/\/scitope.com\/coginfocom20\/index.php?rest_route=\/wp\/v2\/users\/1"}],"replies":[{"embeddable":true,"href":"https:\/\/scitope.com\/coginfocom20\/index.php?rest_route=%2Fwp%2Fv2%2Fcomments&post=14"}],"version-history":[{"count":32,"href":"https:\/\/scitope.com\/coginfocom20\/index.php?rest_route=\/wp\/v2\/pages\/14\/revisions"}],"predecessor-version":[{"id":241,"href":"https:\/\/scitope.com\/coginfocom20\/index.php?rest_route=\/wp\/v2\/pages\/14\/revisions\/241"}],"wp:attachment":[{"href":"https:\/\/scitope.com\/coginfocom20\/index.php?rest_route=%2Fwp%2Fv2%2Fmedia&parent=14"}],"curies":[{"name":"wp","href":"https:\/\/api.w.org\/{rel}","templated":true}]}}