{"id":14,"date":"2020-01-02T13:38:50","date_gmt":"2020-01-02T13:38:50","guid":{"rendered":"https:\/\/scitope.com\/coginfocom20\/?page_id=14"},"modified":"2023-10-13T14:07:47","modified_gmt":"2023-10-13T14:07:47","slug":"home","status":"publish","type":"page","link":"https:\/\/scitope.com\/coginfocom23\/","title":{"rendered":"HOME"},"content":{"rendered":"<p>[vc_row][vc_column][vc_column_text]<\/p>\n<div class=\"container\">\n<h1 class=\"site-description\" style=\"text-align: center;\"><strong>14th IEEE International Conference on Cognitive InfoCommunications<\/strong><\/h1>\n<h2 style=\"text-align: center;\">22-23 September 2023<br \/>\nat<br \/>\nCorvinus University of Budapest, F\u0151v\u00e1m t\u00e9r 8, 1093, Budapest, Hungary<\/h2>\n<\/div>\n<p>[\/vc_column_text][vc_column_text]<\/p>\n<h3 style=\"text-align: center;\">Click here to <a href=\"https:\/\/scitope.com\/coginfocom23\/?page_id=246\"><span style=\"color: #000000;\">join Online<\/span><\/a><\/h3>\n<p>[\/vc_column_text][vc_row_inner][vc_column_inner][\/vc_column_inner][\/vc_row_inner][\/vc_column][\/vc_row][vc_row][vc_column][vc_column_text]<\/p>\n<div class=\"container\">\n<h3 style=\"text-align: center;\">SPECIAL JOURNAL ISSUES\u00a0 WILL BE PUBLISHED BASED ON THE EXTENDED VERSIONS OF SELECTED PAPERS<\/h3>\n<\/div>\n<p>[\/vc_column_text][\/vc_column][\/vc_row][vc_row][vc_column][vc_column_text]<\/p>\n<div class=\"container\">\n<h3 style=\"text-align: left;\"><span style=\"font-size: 30px;\">Scope<\/span><\/h3>\n<\/div>\n<div class=\"container\">\n<p>Cognitive infocommunications (CogInfoCom) investigates the link between the research areas of infocommunications and cognitive sciences, as well as the various engineering applications which have emerged as the synergic combination of these sciences. The primary goal of CogInfoCom is to provide a systematic view of how cognitive processes can co-evolve with infocommunications devices so that the capabilities of the human brain may not only be extended through these devices, irrespective of geographical distance but may also be blended with the capabilities of any artificially cognitive system. This merging and extension of cognitive capabilities are targeted towards engineering applications in which artificial and\/or natural cognitive systems are enabled to work together more effectively. For the collection of CogInfoCom papers please <a href=\"http:\/\/scitope.com\/coginfocom19\/?page_id=16\" target=\"_blank\" rel=\"noopener noreferrer\">click here.<\/a><\/div>\n<p>[\/vc_column_text][\/vc_column][\/vc_row][vc_row][vc_column][vc_column_text]<\/p>\n<h2>Topics<\/h2>\n<p>The conference is open to topic proposals. Please <a href=\"https:\/\/forms.gle\/hKN2KPq8t6WJdMuc8\">click HERE<\/a> to submit your proposal.[\/vc_column_text][\/vc_column][\/vc_row][vc_row][vc_column width=&#8221;1\/2&#8243;][vc_column_text]<\/p>\n<p style=\"font-weight: 400;\"><strong>Artificial cognitive capabilities<\/strong><strong>\u00a0<\/strong><strong><br \/>\n<\/strong><strong>Artificial Intelligence<\/strong><strong><br \/>\n<\/strong><strong>Machine and deep learning<br \/>\n<\/strong><strong>Human-AI, HCI,HMI,HRI,\u00a0<\/strong><strong>Human cognitive interfaces<\/strong><strong><br \/>\n<\/strong><strong>Industry 4.0<\/strong><strong><br \/>\n<\/strong><strong>Human in\u00a0<\/strong><strong>Virtual and Augmented Reality<\/strong><strong><br \/>\n<\/strong><strong>Future Internet<br \/>\n<\/strong><strong>Cognitive sciences in the digital world<br \/>\n<\/strong><strong>Embodied and enactive cognitive systems<\/strong>\u00a0<strong><br \/>\n<\/strong><strong>Cognitive networks<\/strong><strong>\u00a0and their intelligent capabilities<br \/>\n<\/strong><strong>Virtual and real avatars<br \/>\n<\/strong><strong>Face and gesture recognition<\/strong><strong><br \/>\n<\/strong><strong>Human-Computer and Bio-Interfaces<\/strong><strong>\u00a0<\/strong><\/p>\n<p>[\/vc_column_text][\/vc_column][vc_column width=&#8221;1\/2&#8243;][vc_column_text]<\/p>\n<p style=\"font-weight: 400;\"><strong>Intelligent Vehicle and Transportation Systems<\/strong>\u00a0<strong><br \/>\n<\/strong><strong>Smart city<br \/>\n<\/strong><strong>Digital Education, Digital transformation environment for education<br \/>\nCogInfoCom based learnability<br \/>\n<\/strong><strong>Intelligent Vehicle and Transportation Systems<br \/>\n<\/strong><strong>Advanced driver assistance systems<br \/>\n<\/strong><strong>Cognitive Data Visualization<\/strong><strong><br \/>\n<\/strong><strong>Mathability<br \/>\n<\/strong><strong>Ergonomics-based aspects of CogInfoCom<br \/>\n<\/strong><strong>Socio-cognitive ICT<br \/>\n<\/strong><strong>Ergonomics-based aspects of CogInfoCom<br \/>\n<\/strong><strong>Affective Computing<\/strong><\/p>\n<p>[\/vc_column_text][\/vc_column][\/vc_row][vc_row][vc_column][vc_column_text]<\/p>\n<h2><span style=\"color: #800000;\">Committees<\/span><\/h2>\n<p>[\/vc_column_text][\/vc_column][\/vc_row][vc_row][vc_column][vc_column_text]<\/p>\n<p class=\"_04xlpA direction-ltr align-start para-style-body\"><strong><span class=\"S1PPyQ\">Chair<br \/>\n<\/span><\/strong><span class=\"S1PPyQ\">P\u00e9ter Baranyi, E\u00f6tv\u00f6s Lor\u00e1nd Research Network, Hungary<\/span><\/p>\n<p class=\"_04xlpA direction-ltr align-start para-style-body\"><strong><span class=\"S1PPyQ\">Co-Chairs<br \/>\n<\/span><\/strong><span class=\"S1PPyQ\">Anna Esposito, <\/span><span class=\"S1PPyQ\">Universit\u00e0 degli Studi della <\/span><span class=\"S1PPyQ\">Campania \u201cLuigi Vanvitelli\u201d, Italy<\/span><\/p>\n<p class=\"_04xlpA direction-ltr align-start para-style-body\"><strong><span class=\"S1PPyQ\">Honorary Chairs<br \/>\n<\/span><\/strong><span class=\"S1PPyQ\">Helen Meng, Chinese University of Hong Kong, China<\/span><\/p>\n<p class=\"_04xlpA direction-ltr align-start para-style-body\"><strong><span class=\"S1PPyQ\">Honorary Committee<br \/>\n<\/span><\/strong><span class=\"S1PPyQ\">Imre Rudas, \u00d3buda University, Hungary<br \/>\n<\/span><span class=\"S1PPyQ\">Levente Kov\u00e1cs, \u00d3buda University, Hungary<br \/>\n<\/span><span class=\"S1PPyQ\">Vilmos Cs\u00e1nyi, MTA, Hungary<br \/>\n<\/span><span class=\"S1PPyQ\">Val\u00e9ria Cs\u00e9pe, MTA, Hungary<\/span><\/p>\n<p class=\"_04xlpA direction-ltr align-start para-style-body\"><strong><span class=\"S1PPyQ\">Steering Committee<br \/>\n<\/span><\/strong><span class=\"S1PPyQ\">Katarzyna Chmielewska, <\/span><span class=\"S1PPyQ\">Kazimierz Wielki University, <\/span><span class=\"S1PPyQ\">Poland<br \/>\n<\/span><span class=\"S1PPyQ\">Nelson Mauro Maldonato, <\/span><span class=\"S1PPyQ\">Universit\u00e0 di Napoli <\/span><span class=\"S1PPyQ\">Federico II, Italy<\/span><\/p>\n<p class=\"_04xlpA direction-ltr align-start para-style-body\"><strong><span class=\"S1PPyQ\">International Scientific Board Chair<br \/>\n<\/span><\/strong><span class=\"S1PPyQ\">Carl Vogel, <\/span><span class=\"S1PPyQ\">Trinity College Dublin, Ireland<\/span><\/p>\n<p class=\"_04xlpA direction-ltr align-start para-style-body\"><strong><span class=\"S1PPyQ\">International Scientific Board<br \/>\n<\/span><\/strong><span class=\"S1PPyQ\">Atsushi Ito, Utsunomiya University, Japan<br \/>\n<\/span><span class=\"S1PPyQ\">Yeung Yam, Chinese University of Hong Kong, China<br \/>\n<\/span><span class=\"S1PPyQ\"><span class=\"JsGRdQ\">Annam\u00e1ria R. V\u00e1rkonyi-K\u00f3czy, \u00d3buda University, Hungary<\/span><br \/>\n<\/span><span class=\"S1PPyQ\">Junzo Watada, Petronas University of Technology, Malaysia<br \/>\n<\/span><span class=\"S1PPyQ\">Andrea K\u0151, Corvinus University of Budapest<br \/>\n<\/span><span class=\"S1PPyQ\">Attila Gil\u00e1nyi, University of Debrecen, Hungary<br \/>\n<\/span><span class=\"S1PPyQ\">Maria Koutsombogera, Trinity College, Dublin<br \/>\n<\/span><span class=\"S1PPyQ\">Gy\u00f6rgy Szasz\u00e1k, Budapest University of Technology and Economics, Hungary<br \/>\n<\/span><span class=\"S1PPyQ\">Sik-L\u00e1nyi Cec\u00edlia, Pannon University, Hungary<\/span><\/p>\n<p class=\"_04xlpA direction-ltr align-start para-style-body\"><strong><span class=\"S1PPyQ\">International Organizing Committee Chair<br \/>\n<\/span><\/strong><span class=\"S1PPyQ\">Ildik\u00f3 Horv\u00e1th, \u00d3buda University, Hungary<\/span><\/p>\n<p class=\"_04xlpA direction-ltr align-start para-style-body\"><strong><span class=\"S1PPyQ\">International Organizing Committee<br \/>\n<\/span><\/strong><span class=\"S1PPyQ\">Miroslav Macik, Czech Technical University in Prague, Czech Republic<br \/>\n<\/span><span class=\"S1PPyQ\">Mihoko Niitsuma, Chuo University, Japan<br \/>\n<\/span><span class=\"S1PPyQ\">Fahmi Bellalouna, Karlsruhe University of Applied Sciences, Germany<br \/>\n<\/span><span class=\"S1PPyQ\">Mika Luimula, Turku University of Applied Sciences, Finland<br \/>\n<\/span><span class=\"S1PPyQ\">Milan Gnjatovic, University of Criminal Investigation and Police Studies in Belgrade, Serbia<br \/>\n<\/span><span class=\"S1PPyQ\">Erzs\u00e9bet T\u00f3th, University of Debrecen, Hungary<br \/>\nFerenc Kiss, Inform\u00e1ci\u00f3s T\u00e1rsadalom\u00e9rt Alap\u00edtv\u00e1ny, Hungary<br \/>\n<\/span>Attila Fazekas, University of Debrecen, Hungary<br \/>\nZolt\u00e1n God\u00f3, University of Debrecen, Hungary<br \/>\n<span class=\"JsGRdQ\">\u00c9va Orb\u00e1n-Mih\u00e1lyk\u00f3, University of Pannonia, Hungary<\/span><\/p>\n<p><strong><span class=\"S1PPyQ\">Track Organizing Committee<br \/>\n<\/span><\/strong><span class=\"S1PPyQ\">P\u00e1l Varga, Budapest University of Technology and Economics, Hungary<br \/>\n<\/span><span class=\"S1PPyQ\">J\u00f3zsef B\u00edr\u00f3, Budapest University of Technology and Economics, Hungary<\/span><\/p>\n<p class=\"_04xlpA direction-ltr align-start para-style-body\"><strong><span class=\"S1PPyQ\">International Program Committee<br \/>\n<\/span><\/strong><span class=\"S1PPyQ\">Gennaro Cordasco, Universita\u2019 degli Studi della <\/span><span class=\"S1PPyQ\">Campania \u201cLuigi Vanvitelli\u201d, Italy<br \/>\n<\/span><span class=\"S1PPyQ\">Marianna Zichar, University of Debrecen, Hungary<br \/>\n<\/span><span class=\"S1PPyQ\">P\u00e9ter F\u00f6ldesi, Sz\u00e9chenyi Istv\u00e1n University<br \/>\n<\/span><span class=\"S1PPyQ\">Stanislav Ondas, Technical University of Kosice<br \/>\n<\/span><span class=\"S1PPyQ\">Kl\u00e1ra Vicsi, Budapest University of Technology and <\/span><span class=\"S1PPyQ\">Economics, Hungary<br \/>\n<\/span><span class=\"S1PPyQ\">D\u00e1vid Sztah\u00f3, Budapest University of Technology and <\/span><span class=\"S1PPyQ\">Economics, Hungary<\/span><\/p>\n<p class=\"_04xlpA direction-ltr align-start para-style-body\"><strong><span class=\"S1PPyQ\">Technical Program Committee Chair<br \/>\n<\/span><\/strong><span class=\"S1PPyQ\">\u00c1d\u00e1m Csap\u00f3, \u00d3buda University, Hungary<\/span><\/p>\n<p class=\"_04xlpA direction-ltr align-start para-style-body\"><strong><span class=\"S1PPyQ\">Technical Program Committee<br \/>\n<\/span><\/strong><span class=\"S1PPyQ\">B\u00e1lint Moln\u00e1r, E\u00f6tv\u00f6s Lor\u00e1nd University, Hungary<br \/>\n<\/span><span class=\"S1PPyQ\">Adeleh Asemi, University of Malaya, Malaysia<br \/>\nCarl Vogel, Trinity College Dublin, Ireland<br \/>\n<\/span><span class=\"S1PPyQ\">P\u00e9ter F\u00f6ldesi, Sz\u00e9chenyi Istv\u00e1n University<br \/>\n<\/span><span class=\"S1PPyQ\">Tibor Guzsvinecz, University of Pannonia, Hungary<br \/>\n<\/span><span class=\"S1PPyQ\">Claudiu Pozna, Sz\u00e9chenyi Istv\u00e1n University, Hungary<br \/>\n<\/span><span class=\"S1PPyQ\">Milan Gnjatovic, University of Criminal Investigation and Police Studies in Belgrade, Serbia<br \/>\n<\/span><span class=\"S1PPyQ\">Marianna Zichar, University of Debrecen, Hungary<br \/>\n<\/span><span class=\"S1PPyQ\">Erzs\u00e9bet T\u00f3th, University of Debrecen, Hungary<br \/>\n<\/span>J\u00f3zsef B\u00edr\u00f3, Budapest University of Technology and Economics, Hungary<br \/>\nBorb\u00e1la Berki, \u00d3buda University, Hungary<br \/>\nZolt\u00e1n Kvasznicza University of P\u00e9cs, Hungary<br \/>\nAnna Sud\u00e1r, \u00d3buda University, Hungary<br \/>\n<span class=\"S1PPyQ\">J\u00e1nos Botzheim, E\u00f6tv\u00f6s Lor\u00e1nd University, Hungary<br \/>\n<\/span>Tam\u00e1s P\u00e9ter, Budapest University of Technology and Economics, Hungary<\/p>\n<p class=\"_04xlpA direction-ltr align-start para-style-body\"><strong><span class=\"S1PPyQ\">Publication Chair<br \/>\n<\/span><\/strong><span class=\"S1PPyQ\">Anik\u00f3 Szak\u00e1l, <\/span><span class=\"S1PPyQ\">\u00d3buda University, Hungary<\/span><\/p>\n<p class=\"_04xlpA direction-ltr align-start para-style-body\"><strong><span class=\"S1PPyQ\">Treasurer<br \/>\n<\/span><\/strong><span class=\"S1PPyQ\">Anik\u00f3 Szak\u00e1l, <\/span><span class=\"S1PPyQ\">\u00d3buda University, Hungary<\/span><\/p>\n<p>[\/vc_column_text][\/vc_column][\/vc_row][vc_row][vc_column][vc_column_text]<\/p>\n<h2><span style=\"color: #800000;\">Sponsor &amp; Organizer<\/span><\/h2>\n<p>[\/vc_column_text][\/vc_column][\/vc_row][vc_row][vc_column][vc_single_image image=&#8221;184&#8243; img_size=&#8221;medium&#8221; alignment=&#8221;center&#8221;][vc_column_text]<\/p>\n<h4 style=\"text-align: center;\">IEEE Hungary Section<\/h4>\n<p>[\/vc_column_text][\/vc_column][\/vc_row][vc_row][vc_column width=&#8221;1\/2&#8243;][vc_column_text]<\/p>\n<h4 style=\"text-align: center;\">IEEE Systems, Man and Cybernetics\u00a0 Chapter, Hungary<\/h4>\n<p>[\/vc_column_text][\/vc_column][vc_column width=&#8221;1\/2&#8243;][vc_column_text]<\/p>\n<h4 style=\"text-align: center;\">IEEE IES and RAS Chapters, Hungary<\/h4>\n<p>[\/vc_column_text][\/vc_column][\/vc_row][vc_row][vc_column][vc_column_text]<\/p>\n<h2><span style=\"color: #800000;\">In Scientific Co-Operation with<\/span><\/h2>\n<p>[\/vc_column_text][\/vc_column][\/vc_row][vc_row][vc_column][vc_single_image image=&#8221;460&#8243; img_size=&#8221;large&#8221; alignment=&#8221;center&#8221;][\/vc_column][\/vc_row][vc_row][vc_column width=&#8221;1\/2&#8243;][vc_column_text]<\/p>\n<h4 style=\"text-align: center;\">Institute of Data Analytics and Information Systems<\/h4>\n<p>[\/vc_column_text][\/vc_column][vc_column width=&#8221;1\/2&#8243;][vc_column_text]<\/p>\n<h4 style=\"text-align: center;\">Corvinus Institute for Advanced Studies<\/h4>\n<p>[\/vc_column_text][\/vc_column][\/vc_row][vc_row][vc_column][vc_single_image image=&#8221;455&#8243; img_size=&#8221;large&#8221; alignment=&#8221;center&#8221;][vc_single_image image=&#8221;393&#8243; img_size=&#8221;medium&#8221; alignment=&#8221;center&#8221;][vc_single_image image=&#8221;390&#8243; img_size=&#8221;medium&#8221; alignment=&#8221;center&#8221;][vc_single_image image=&#8221;392&#8243; img_size=&#8221;medium&#8221; alignment=&#8221;center&#8221;][vc_column_text]<\/p>\n<h4 style=\"text-align: center;\"><strong>University of Pannonia<\/strong><\/h4>\n<p>[\/vc_column_text][vc_single_image image=&#8221;352&#8243; img_size=&#8221;medium&#8221; alignment=&#8221;center&#8221; style=&#8221;vc_box_rounded&#8221;][vc_single_image image=&#8221;391&#8243; img_size=&#8221;medium&#8221; alignment=&#8221;center&#8221;][vc_column_text]<\/p>\n<h4 style=\"text-align: center;\">Budapest University of Technology and Economics<\/h4>\n<p>[\/vc_column_text][\/vc_column][\/vc_row][vc_row][vc_column][vc_column_text]<\/p>\n<h2>Scientific Community Partner<\/h2>\n<p>[\/vc_column_text][\/vc_column][\/vc_row][vc_row][vc_column][vc_single_image image=&#8221;353&#8243; img_size=&#8221;medium&#8221; alignment=&#8221;center&#8221; style=&#8221;vc_box_rounded&#8221;][\/vc_column][\/vc_row]<\/p>\n","protected":false},"excerpt":{"rendered":"<p>[vc_row][vc_column][vc_column_text] 14th IEEE International Conference on Cognitive InfoCommunications 22-23 September 2023 at Corvinus University of Budapest, F\u0151v\u00e1m t\u00e9r 8, 1093, Budapest, Hungary [\/vc_column_text][vc_column_text] Click here to join Online [\/vc_column_text][vc_row_inner][vc_column_inner][\/vc_column_inner][\/vc_row_inner][\/vc_column][\/vc_row][vc_row][vc_column][vc_column_text] SPECIAL JOURNAL ISSUES\u00a0 WILL BE PUBLISHED BASED ON THE EXTENDED VERSIONS OF SELECTED PAPERS [\/vc_column_text][\/vc_column][\/vc_row][vc_row][vc_column][vc_column_text] Scope Cognitive infocommunications (CogInfoCom) investigates the link between the research areas [&hellip;]<\/p>\n","protected":false},"author":1,"featured_media":0,"parent":0,"menu_order":0,"comment_status":"closed","ping_status":"closed","template":"","meta":{"_exactmetrics_skip_tracking":false,"_exactmetrics_sitenote_active":false,"_exactmetrics_sitenote_note":"","_exactmetrics_sitenote_category":0,"footnotes":""},"class_list":["post-14","page","type-page","status-publish","hentry"],"_links":{"self":[{"href":"https:\/\/scitope.com\/coginfocom23\/index.php?rest_route=\/wp\/v2\/pages\/14","targetHints":{"allow":["GET"]}}],"collection":[{"href":"https:\/\/scitope.com\/coginfocom23\/index.php?rest_route=\/wp\/v2\/pages"}],"about":[{"href":"https:\/\/scitope.com\/coginfocom23\/index.php?rest_route=\/wp\/v2\/types\/page"}],"author":[{"embeddable":true,"href":"https:\/\/scitope.com\/coginfocom23\/index.php?rest_route=\/wp\/v2\/users\/1"}],"replies":[{"embeddable":true,"href":"https:\/\/scitope.com\/coginfocom23\/index.php?rest_route=%2Fwp%2Fv2%2Fcomments&post=14"}],"version-history":[{"count":81,"href":"https:\/\/scitope.com\/coginfocom23\/index.php?rest_route=\/wp\/v2\/pages\/14\/revisions"}],"predecessor-version":[{"id":528,"href":"https:\/\/scitope.com\/coginfocom23\/index.php?rest_route=\/wp\/v2\/pages\/14\/revisions\/528"}],"wp:attachment":[{"href":"https:\/\/scitope.com\/coginfocom23\/index.php?rest_route=%2Fwp%2Fv2%2Fmedia&parent=14"}],"curies":[{"name":"wp","href":"https:\/\/api.w.org\/{rel}","templated":true}]}}